se
Let s(p) = 2*p**2 - 16*p + 28. Let m be s(6). Suppose 5*q - 170 = 3*v + 108, -q + 42 = -4*v. Is q/(-4)*(-6 - m) a composite number?
True
Is (8 + -10)/((-4)/11082) a composite number?
True
Let t = -1375 + 4302. Is t composite?
False
Let o = 15309 - -3058. Is o prime?
True
Let r(v) = 3*v**2 + 4*v + 7. Let b(f) = f - 4. Let k be b(-6). Let l(h) = -4*h - 24. Let y be l(k). Is r(y) prime?
True
Suppose -25*i = -3*b - 24*i + 1694, 2*i = -10. Is b a prime number?
True
Let m = -3 + 0. Let t be 41/m - (-5)/(-15). Let b = t - -25. Is b composite?
False
Let i = 764 + -1230. Is 2*1/(-4)*i a composite number?
False
Suppose -2*l - 5*v - 12 = -6*l, -4*v = 4*l - 12. Let b(a) = 0*a**l - 3*a**3 - 2*a - 9*a**2 + 2*a**2 - 5. Is b(-8) composite?
True
Suppose 133315 = 10*q + 10125. Is q composite?
True
Let q = -15 - -17. Is (-265 - (-4)/q)*-1 a prime number?
True
Suppose -4*l + 6 = 5*x - 2*x, 4*l + 5*x - 10 = 0. Suppose 0 = 4*b - l*b + 36. Let s(o) = o**3 + 10*o**2 - 6*o - 8. Is s(b) composite?
False
Suppose 3 - 1 = 2*g + 2*t, 2*g - 3*t - 27 = 0. Suppose 10*x - g*x = 148. Is x prime?
True
Let o(l) be the first derivative of -2*l**2 - 13*l + 2. Let i be o(-4). Suppose i*n + 89 = 4*n. Is n prime?
True
Suppose 0 = 61*p + 31*p - 116104. Is p a composite number?
True
Let s be 10*((-28)/(-8) - 3). Let q be ((-2)/6)/(2/(-1110)). Suppose 10 - q = -s*w. Is w composite?
True
Is 10267*(-8)/24*(-2 + -1) a prime number?
True
Suppose 6 = 4*c - 2. Suppose 0 = 4*h - 4*v + v + 912, -c*v = -5*h - 1147. Let y = -68 - h. Is y a prime number?
True
Suppose 2*t + 2*t - 12572 = -5*k, -3*t + 3*k = -9429. Is t a composite number?
True
Let q(o) = 42*o**2 + 7*o + 2. Let k = -6 - -11. Is q(k) prime?
True
Let n be 13/(-26)*(0 - 8). Suppose -n*m + m + 2*i + 16 = 0, 0 = -4*m + 4*i + 24. Let w(y) = 29*y + 11. Is w(m) a prime number?
True
Suppose j - 4*j - 4 = q, 4*j - 2*q = -12. Let g be 6/((-336)/172 - j). Suppose m - 3*o - 94 = 0, 3*o = -m - o + g. Is m a composite number?
False
Let h(g) = 12*g**2 + 34*g + 41. Is h(-7) prime?
False
Let s(q) = -1127*q - 60. Is s(-13) composite?
False
Let x be (-4)/(-16) - (-5430)/8. Suppose -561 = -5*u + x. Let t = -129 + u. Is t a composite number?
True
Suppose -4*u + 644 = -t - 2833, -3 = 3*t. Is u a composite number?
True
Let j(m) = -m**2 + 12*m + 11. Suppose 2*t = 3*t - 10. Is j(t) a prime number?
True
Suppose 4*s - 2*s = 14028. Suppose -3*c = -9*c + s. Is c a composite number?
True
Is 54/(-36)*4436/(-6) a composite number?
False
Let d = -9788 - -19387. Is d a prime number?
False
Suppose -10 = 8*g - 42. Is (1 - g/12)*1437/2 prime?
True
Let b = 4579 - 2678. Is b a composite number?
False
Is -7*((-17051)/14 + (-15)/6) a composite number?
False
Suppose -6*j = -4054 - 7580. Is j prime?
False
Let x be (2 - (-6)/(-3))/1. Suppose x = -4*u + 323 + 261. Is u composite?
True
Let z(m) = 899*m - 155. Is z(8) prime?
False
Let s(j) = 24*j**2 - 10*j - 3. Let h be 629/85 - (0 - 2/(-5)). Is s(h) composite?
False
Suppose 2*l + 0*l - 12 = 0. Suppose q + 2*q = l, -x + 212 = -q. Is x a prime number?
False
Suppose -14 = q - 4*q - 4*h, 3*h = -12. Let u = 13 - q. Suppose -3*i + 5*l = -498, -u*i = 2*i - 3*l - 814. Is i prime?
False
Suppose 0 = p + 14 + 5. Let j = -167 + 297. Let u = j + p. Is u prime?
False
Suppose 0 = 24*u - 18*u - 49722. Is u composite?
False
Let t be (-4 - -6)*-1*(-1 + 0). Let r be 10315/20 - 2/(-8). Suppose -i = -2*i + 5, 2*i - r = -t*m. Is m a composite number?
True
Suppose -2*k = -36 - 210. Suppose 0 = z - 1 - k. Suppose 0 = f - 165 - z. Is f a prime number?
False
Let k = 1586 - 907. Is k composite?
True
Let h be (-1)/((2 - -1)/3). Let c be -2 + 5 + -2 + h. Suppose 2*d - 45 - 193 = c. Is d composite?
True
Is ((-45)/(-18))/(5 + (-107618)/21524) composite?
True
Let p = -1449 + 2614. Is p a prime number?
False
Let k = 554 + -189. Is k prime?
False
Let b = 15 - 13. Is 1172/b*(-1)/(-2) composite?
False
Is -6 - (9243/(-3) + 8) composite?
False
Let c(q) be the first derivative of -117*q**2 + 3. Let v be c(-5). Suppose 4*f - 1354 - v = 0. Is f a prime number?
True
Suppose 0 = -11*t + 12*t. Suppose 3*d + 3*w - 6*w - 2865 = t, -947 = -d - 3*w. Suppose -5*m = -z + 201, -4*m + d = 5*z - 3*m. Is z composite?
False
Suppose 680573 = 17*k + 36*k. Is k composite?
False
Let h = -791 + 1170. Is h a prime number?
True
Let k(r) = 2539*r**2 - 13*r - 37. Is k(-3) a composite number?
False
Let q = -47758 + 67775. Is q a composite number?
True
Suppose 14 = 5*n - 4*n + i, 3*n - 45 = -4*i. Suppose -4*p - 6*w = -w - n, 2*w + 10 = 2*p. Let o(s) = 14*s - 3. Is o(p) a composite number?
False
Suppose -4*t - 6131 = -3*g + 7028, 0 = 5*t + 5. Is g a prime number?
False
Let v = -6 - -8. Suppose 2*i + v = -2*u, -i - u - 2*u = -5. Is i/6 - (-4929)/9 a composite number?
False
Suppose -2*f + 53 = -3*i + 358, -3*i + 3*f + 300 = 0. Let z(d) = 5*d + 95. Let b be z(-23). Let o = b + i. Is o prime?
False
Is 2153*4/8*(11 + -1) prime?
False
Let d = 72 - 75. Is 482 + (d + (-45)/(-12))*4 a composite number?
True
Let h(k) = -k**2 - 6*k - 4. Let f be h(-4). Suppose -f*i + 2*i = -2*m, -5*m = 3*i + 16. Is (187/(-33))/(i/138) a prime number?
False
Suppose -4*b = 71 - 243. Suppose -p + b = -48. Is p prime?
False
Suppose -5*z - 5 = 0, -4*z - 5224 = -3*q - 1923. Is q prime?
False
Suppose -5*r + 1205 = -d, 9*r - 5*r + 5*d = 935. Suppose 3 = -i + 172. Suppose -x = 2*w - r, -i = -4*w - x + 315. Is w a composite number?
True
Let z(n) = n**2 + 5*n - 5. Let q be z(-6). Is q/(-1) - (-1 - (-1012)/(-4)) prime?
False
Suppose 4*y = 0, 2*y - 729 - 4341 = 3*j. Let a = -851 - j. Is a a composite number?
False
Let d(g) = g - 26. Let k be d(17). Is (8 + -4 - (-33)/k)*12543 a prime number?
False
Let g(m) = 5*m**3 - 6*m**2 + m - 5. Is g(8) prime?
True
Let v = 126 - 126. Suppose 3*q - 5*x - 256 = v, 430 = -0*q + 5*q - 5*x. Is q prime?
False
Let v(w) = 30*w**2 + 23*w + 82. Is v(-5) composite?
True
Let b = -253 - -1036. Let j = b - -124. Is j a prime number?
True
Suppose 0 = -3*y - 5 - 1, 4*y = -5*s + 8997. Is s a composite number?
False
Suppose 14892 = 4*u + 8*u. Is u a composite number?
True
Suppose 4*u - 1611 = 2341. Let c = -607 + u. Is c composite?
True
Let g be 728 + -4 + 12/4. Is g/5 - 10/25 composite?
True
Suppose -4*c + 10*c = 161430. Is c a prime number?
False
Let j(o) = o**3 - o**2 - o - 1. Let x(k) = -13*k**3 + 3*k**2 + 5*k + 9. Let y(z) = -4*j(z) - x(z). Is y(4) a composite number?
True
Let j be (-837)/171 - 2/19. Is 15/j*326/(-6) a composite number?
False
Is 21/(273/609661) + 2*2 a prime number?
True
Let h be (-4 + 8 + 17)*(-2)/(-3). Suppose -9*q + h*q - 725 = 0. Is q a prime number?
False
Let x = 19 + -11. Let v(l) = -79*l**2 + 106*l**2 + 2 + 14 - x*l. Is v(7) prime?
True
Is ((-4106)/4)/(2/(-4)) prime?
True
Suppose -10*l + 583460 + 330890 = 0. Is l composite?
True
Let m = 42 + -59. Let g = 11 + m. Is ((-4)/g)/((-8)/(-3684)) a prime number?
True
Let c(g) be the first derivative of -7*g**4/4 - 4*g**3/3 - 4*g - 1. Let d be 20/110 - (-2)/(22/(-35)). Is c(d) prime?
True
Suppose 6363 = 4*i + i + k, -i - k = -1275. Let q = -595 + i. Is q a composite number?
False
Suppose -2*i + 0*i = -5*y - 42876, 5*i + 3*y = 107159. Is i a prime number?
True
Suppose 5*v - 48 = 5*x - 3*x, 4*v - 41 = -x. Suppose -2*o - 171 = -q, -v = -q + 5*o + 167. Let g = q + -76. Is g a composite number?
True
Suppose -p + 0*p - 2 = 0, -2*w - 2466 = 4*p. Let d = 2592 + w. Is d a composite number?
True
Let k be (-10)/(-4) + 5 + (-11)/2. Suppose 2*p = -x - k*x + 6335, 5*p = x - 2106. Is x composite?
False
Suppose 131*l - 3264791 = 28*l. Is l composite?
True
Let p = 34608 - 9529. Is p a composite number?
True
Let m be 0 + (0 - 0) + -21 + 22. Is 557 - (0 + (m - 1)) prime?
True
Suppose 0 = -d - 469 - 89. Let i = d - -815. Is i a composite number?
False
Suppose 3*v = n + 5, 2*n + 31 = 5*v + 6*n. Suppose -2646 = -v*p - 285. Is p prime?
True
Let w(y) = 36480*y**3 - 2*y**2 - 14*y + 15. Is w(1) a composite number?
False
Let d be (-14)/(-49) + 192/14. Let i = d + -12. Suppose -z + 4*k + 221 = 0, i*z - 2*k + 1171 = 7*z. Is z a prime number?
True
Suppose 23896 = 3*f + 787. Suppose -461 = 6*d - f. Is d prime?
False
Is (657008/528)/(2/30 - 0) a composite number?
True
Let d be 0 - (-2 - -2) - -36. Suppose -56 = 32*k - d*k. Is k a prime number?
False
Let m(k) = -7*k**3 + 